{"id":1482,"date":"2017-09-26T09:26:31","date_gmt":"2017-09-26T07:26:31","guid":{"rendered":"https:\/\/alternea.eu\/inicio\/"},"modified":"2024-01-11T21:05:36","modified_gmt":"2024-01-11T20:05:36","slug":"inicio","status":"publish","type":"page","link":"https:\/\/alternea.eu\/es\/","title":{"rendered":"Inicio"},"content":{"rendered":"\n<h1>Alternea, una visi\u00f3n diferente para entender mejor el futuro.<\/h1> \n<p>Con m\u00e1s de 75 a\u00f1os de experiencia en la comercializaci\u00f3n de frutas y hortalizas de temporada, Alternea recurre ahora al despliegue \u00fanico de su enfoque responsable Alternea, que data de 2008. Todo un ADN que se remonta hoy como productor local e importador de frutas y hortalizas procedentes de una agricultura sana y \u00e9tica que garantizamos para un Ma\u00f1ana mejor.<\/p>\n<p><img decoding=\"async\" src=\"https:\/\/alternea.eu\/wp-content\/uploads\/2022\/09\/accueil-divider-alternea.png\" alt=\"casa-divisoria-alternea\"><br>\t\t\t<rs-module-wrap id=\"rev_slider_error_1_wrapper\">\n\t\t\t\t<rs-module id=\"rev_slider_error_1\">\n\t\t\t\t\t<div class=\"rs_error_message_box\">\n\t\t\t\t\t\t<div class=\"rs_error_message_oops\">Oops...<\/div>\n\t\t\t\t\t\t<div class=\"rs_error_message_content\">Slider with alias \\ not found.<\/div>\n\t\t\t\t\t<\/div>\n\t\t\t\t<\/rs-module>\n\t\t\t<\/rs-module-wrap>\n\t\t\t<script>\n\t\t\t\tvar rs_eslider = document.getElementById(\"rev_slider_error_1\");\n\t\t\t\trs_eslider.style.display = \"none\";\n\t\t\t\tconsole.log(\"Slider with alias \\ not found.\");\n\t\t\t<\/script>\n\n<img decoding=\"async\" src=\"https:\/\/alternea.eu\/wp-content\/uploads\/2022\/09\/accueil-header-alternea.jpg\" alt=\"home-header-alternea\"><br>completo<br><br>\t\t\t<rs-module-wrap id=\"rev_slider_error_2_wrapper\">\n\t\t\t\t<rs-module id=\"rev_slider_error_2\">\n\t\t\t\t\t<div class=\"rs_error_message_box\">\n\t\t\t\t\t\t<div class=\"rs_error_message_oops\">Oops...<\/div>\n\t\t\t\t\t\t<div class=\"rs_error_message_content\">Slider with alias \\ not found.<\/div>\n\t\t\t\t\t<\/div>\n\t\t\t\t<\/rs-module>\n\t\t\t<\/rs-module-wrap>\n\t\t\t<script>\n\t\t\t\tvar rs_eslider = document.getElementById(\"rev_slider_error_2\");\n\t\t\t\trs_eslider.style.display = \"none\";\n\t\t\t\tconsole.log(\"Slider with alias \\ not found.\");\n\t\t\t<\/script>\n<br><\/p><h2><a href=\"https:\/\/alternea.eu\/es\/?page_id=1489\">ALTERNEA NUESTROS PRODUCTOS<\/a><\/h2><br>centro<br><br>LEER M\u00c1S<br><a href=\"https:\/\/alternea.eu\/es\/?page_id=1489\">Nuestros productos<\/a> <br><br><img decoding=\"async\" src=\"https:\/\/alternea.eu\/wp-content\/uploads\/2023\/01\/accueil-montage-fruits-legumes-alternea.png\" alt=\"montaje casero-frutas-verduras\"><br><br><br><h2>NUESTRA VISI\u00d3N<\/h2> <br><br>Una empresa no es m\u00e1s que el reflejo de los valores de los hombres y mujeres que la componen. Siempre conscientes de nuestra huella en el planeta y de las relaciones que mantenemos con nuestros socios, es l\u00f3gico que estos valores se inculquen en nuestros compromisos actuales y futuros con el desarrollo sostenible.<br><br>LEER M\u00c1S<br><a href=\"https:\/\/alternea.eu\/es\/?page_id=1481\">visi\u00f3n<\/a><br>izquierda<br>2<br>#ffffff<br>#79ac2c<br><br><img decoding=\"async\" src=\"https:\/\/alternea.eu\/wp-content\/uploads\/2022\/09\/accueil-vision-alternea.jpg\" alt=\"home-vision-alternea\"><br><img decoding=\"async\" src=\"https:\/\/alternea.eu\/wp-content\/uploads\/2023\/01\/accueil-services-alternea.jpg\" alt=\"servicios a domicilio-alternea\"><br>completo<br>ultrawide<br>home_images<br><br><h2>ALTERNEA NUESTROS SERVICIOS<\/h2> <br><br>Si la naturaleza nos da estas frutas y verduras de calidad, es porque la respetamos. Implantamos una cultura razonada y favorecemos todas las pr\u00e1cticas tecnol\u00f3gicas cada vez m\u00e1s respetuosas con el planeta, con un sincero deseo de mejorar constantemente todo lo que se pueda mejorar.<br><br>LEER M\u00c1S<br><a href=\"https:\/\/alternea.eu\/es\/?page_id=1497\">Servicios<\/a><br>izquierda<br>2<br>#ffffff<br>#79ac2c<br><br><h2>NUESTROS EQUIPOS<\/h2> <br><br>Somos un equipo muy unido, con un deseo cada vez mayor de satisfacer a todos y cada uno de ustedes, ya sean clientes, socios, proveedores o empleados, al tiempo que actuamos de forma cada vez m\u00e1s responsable. Una aut\u00e9ntica aventura com\u00fan basada en nuestro compromiso de retarnos a diario para ir m\u00e1s all\u00e1 en nuestro enfoque.<br><br>LEER M\u00c1S<br><a href=\"https:\/\/alternea.eu\/es\/?page_id=1499\">Equipos<\/a><br>izquierda<br>2<br>#ffffff<br>#79ac2c<br><br><img decoding=\"async\" src=\"https:\/\/alternea.eu\/wp-content\/uploads\/2023\/01\/accueil-equipes-alternea.jpg\" alt=\"equipos locales\"><img decoding=\"async\" src=\"https:\/\/alternea.eu\/wp-content\/uploads\/2023\/01\/accueil-banner-alternea.jpg\" alt=\"home-banner-alternea\"><br>completo<br>ultrawide<br><br><h2>NUESTRAS NOTICIAS<\/h2> <br><br>  VER TODAS LAS NOTICIAS<br><a href=\"https:\/\/alternea.eu\/es\/?page_id=1472\">noticias<\/a><br>izquierda<br>3<br>centro<br>#ffffff<br>#79ac2c<br>hide-tablet hide-mobile<br><br><a href=\"https:\/\/agencetotem.fr\">Agencia Totem<\/a>\n","protected":false},"excerpt":{"rendered":"<p>Alternea, una visi\u00f3n diferente para entender mejor el futuro. Con m\u00e1s de 75 a\u00f1os de experiencia en la comercializaci\u00f3n de<span class=\"excerpt-hellip\"> [\u2026]<\/span><\/p>\n","protected":false},"author":2,"featured_media":0,"parent":0,"menu_order":0,"comment_status":"closed","ping_status":"closed","template":"","meta":{"footnotes":""},"yoast_head":"<!-- This site is optimized with the Yoast SEO plugin v22.8 - https:\/\/yoast.com\/wordpress\/plugins\/seo\/ -->\n<title>Alternea comercializaci\u00f3n de frutas y hortalizas - Perpi\u00f1\u00e1n<\/title>\n<meta name=\"description\" content=\"Alternea productor local e importador de frutas y hortalizas, agricultura sana y \u00e9tica. Desarrollo responsable y sostenible. #66\" \/>\n<meta name=\"robots\" content=\"index, follow, max-snippet:-1, max-image-preview:large, max-video-preview:-1\" \/>\n<link rel=\"canonical\" href=\"https:\/\/alternea.eu\/es\/\" \/>\n<meta property=\"og:locale\" content=\"es_ES\" \/>\n<meta property=\"og:type\" content=\"article\" \/>\n<meta property=\"og:title\" content=\"Alternea comercializaci\u00f3n de frutas y hortalizas - Perpi\u00f1\u00e1n\" \/>\n<meta property=\"og:description\" content=\"Alternea productor local e importador de frutas y hortalizas, agricultura sana y \u00e9tica. Desarrollo responsable y sostenible. #66\" \/>\n<meta property=\"og:url\" content=\"https:\/\/alternea.eu\/es\/\" \/>\n<meta property=\"og:site_name\" content=\"Alternea\" \/>\n<meta property=\"article:modified_time\" content=\"2024-01-11T20:05:36+00:00\" \/>\n<meta property=\"og:image\" content=\"https:\/\/alternea.eu\/wp-content\/uploads\/2022\/09\/accueil-divider-alternea.png\" \/>\n<meta name=\"twitter:card\" content=\"summary_large_image\" \/>\n<meta name=\"twitter:label1\" content=\"Tiempo de lectura\" \/>\n\t<meta name=\"twitter:data1\" content=\"3 minutos\" \/>\n<script type=\"application\/ld+json\" class=\"yoast-schema-graph\">{\"@context\":\"https:\/\/schema.org\",\"@graph\":[{\"@type\":\"WebPage\",\"@id\":\"https:\/\/alternea.eu\/es\/\",\"url\":\"https:\/\/alternea.eu\/es\/\",\"name\":\"Alternea comercializaci\u00f3n de frutas y hortalizas - Perpi\u00f1\u00e1n\",\"isPartOf\":{\"@id\":\"https:\/\/alternea.eu\/es\/#website\"},\"primaryImageOfPage\":{\"@id\":\"https:\/\/alternea.eu\/es\/#primaryimage\"},\"image\":{\"@id\":\"https:\/\/alternea.eu\/es\/#primaryimage\"},\"thumbnailUrl\":\"https:\/\/alternea.eu\/wp-content\/uploads\/2022\/09\/accueil-divider-alternea.png\",\"datePublished\":\"2017-09-26T07:26:31+00:00\",\"dateModified\":\"2024-01-11T20:05:36+00:00\",\"description\":\"Alternea productor local e importador de frutas y hortalizas, agricultura sana y \u00e9tica. Desarrollo responsable y sostenible. #66\",\"breadcrumb\":{\"@id\":\"https:\/\/alternea.eu\/es\/#breadcrumb\"},\"inLanguage\":\"es\",\"potentialAction\":[{\"@type\":\"ReadAction\",\"target\":[\"https:\/\/alternea.eu\/es\/\"]}]},{\"@type\":\"ImageObject\",\"inLanguage\":\"es\",\"@id\":\"https:\/\/alternea.eu\/es\/#primaryimage\",\"url\":\"https:\/\/alternea.eu\/wp-content\/uploads\/2022\/09\/accueil-divider-alternea.png\",\"contentUrl\":\"https:\/\/alternea.eu\/wp-content\/uploads\/2022\/09\/accueil-divider-alternea.png\"},{\"@type\":\"BreadcrumbList\",\"@id\":\"https:\/\/alternea.eu\/es\/#breadcrumb\",\"itemListElement\":[{\"@type\":\"ListItem\",\"position\":1,\"name\":\"Accueil\",\"item\":\"https:\/\/alternea.eu\/es\/\"},{\"@type\":\"ListItem\",\"position\":2,\"name\":\"Inicio\"}]},{\"@type\":\"WebSite\",\"@id\":\"https:\/\/alternea.eu\/es\/#website\",\"url\":\"https:\/\/alternea.eu\/es\/\",\"name\":\"Alternea\",\"description\":\"Vente fruits et l\u00e9gumes bas\u00e9 \u00e0 Perpignan\",\"publisher\":{\"@id\":\"https:\/\/alternea.eu\/es\/#organization\"},\"potentialAction\":[{\"@type\":\"SearchAction\",\"target\":{\"@type\":\"EntryPoint\",\"urlTemplate\":\"https:\/\/alternea.eu\/es\/?s={search_term_string}\"},\"query-input\":\"required name=search_term_string\"}],\"inLanguage\":\"es\"},{\"@type\":\"Organization\",\"@id\":\"https:\/\/alternea.eu\/es\/#organization\",\"name\":\"Alternea\",\"url\":\"https:\/\/alternea.eu\/es\/\",\"logo\":{\"@type\":\"ImageObject\",\"inLanguage\":\"es\",\"@id\":\"https:\/\/alternea.eu\/es\/#\/schema\/logo\/image\/\",\"url\":\"https:\/\/alternea.eu\/wp-content\/uploads\/2022\/09\/logo-menu-alternea.png\",\"contentUrl\":\"https:\/\/alternea.eu\/wp-content\/uploads\/2022\/09\/logo-menu-alternea.png\",\"width\":283,\"height\":104,\"caption\":\"Alternea\"},\"image\":{\"@id\":\"https:\/\/alternea.eu\/es\/#\/schema\/logo\/image\/\"}}]}<\/script>\n<!-- \/ Yoast SEO plugin. -->","yoast_head_json":{"title":"Alternea comercializaci\u00f3n de frutas y hortalizas - Perpi\u00f1\u00e1n","description":"Alternea productor local e importador de frutas y hortalizas, agricultura sana y \u00e9tica. Desarrollo responsable y sostenible. #66","robots":{"index":"index","follow":"follow","max-snippet":"max-snippet:-1","max-image-preview":"max-image-preview:large","max-video-preview":"max-video-preview:-1"},"canonical":"https:\/\/alternea.eu\/es\/","og_locale":"es_ES","og_type":"article","og_title":"Alternea comercializaci\u00f3n de frutas y hortalizas - Perpi\u00f1\u00e1n","og_description":"Alternea productor local e importador de frutas y hortalizas, agricultura sana y \u00e9tica. Desarrollo responsable y sostenible. #66","og_url":"https:\/\/alternea.eu\/es\/","og_site_name":"Alternea","article_modified_time":"2024-01-11T20:05:36+00:00","og_image":[{"url":"https:\/\/alternea.eu\/wp-content\/uploads\/2022\/09\/accueil-divider-alternea.png"}],"twitter_card":"summary_large_image","twitter_misc":{"Tiempo de lectura":"3 minutos"},"schema":{"@context":"https:\/\/schema.org","@graph":[{"@type":"WebPage","@id":"https:\/\/alternea.eu\/es\/","url":"https:\/\/alternea.eu\/es\/","name":"Alternea comercializaci\u00f3n de frutas y hortalizas - Perpi\u00f1\u00e1n","isPartOf":{"@id":"https:\/\/alternea.eu\/es\/#website"},"primaryImageOfPage":{"@id":"https:\/\/alternea.eu\/es\/#primaryimage"},"image":{"@id":"https:\/\/alternea.eu\/es\/#primaryimage"},"thumbnailUrl":"https:\/\/alternea.eu\/wp-content\/uploads\/2022\/09\/accueil-divider-alternea.png","datePublished":"2017-09-26T07:26:31+00:00","dateModified":"2024-01-11T20:05:36+00:00","description":"Alternea productor local e importador de frutas y hortalizas, agricultura sana y \u00e9tica. Desarrollo responsable y sostenible. #66","breadcrumb":{"@id":"https:\/\/alternea.eu\/es\/#breadcrumb"},"inLanguage":"es","potentialAction":[{"@type":"ReadAction","target":["https:\/\/alternea.eu\/es\/"]}]},{"@type":"ImageObject","inLanguage":"es","@id":"https:\/\/alternea.eu\/es\/#primaryimage","url":"https:\/\/alternea.eu\/wp-content\/uploads\/2022\/09\/accueil-divider-alternea.png","contentUrl":"https:\/\/alternea.eu\/wp-content\/uploads\/2022\/09\/accueil-divider-alternea.png"},{"@type":"BreadcrumbList","@id":"https:\/\/alternea.eu\/es\/#breadcrumb","itemListElement":[{"@type":"ListItem","position":1,"name":"Accueil","item":"https:\/\/alternea.eu\/es\/"},{"@type":"ListItem","position":2,"name":"Inicio"}]},{"@type":"WebSite","@id":"https:\/\/alternea.eu\/es\/#website","url":"https:\/\/alternea.eu\/es\/","name":"Alternea","description":"Vente fruits et l\u00e9gumes bas\u00e9 \u00e0 Perpignan","publisher":{"@id":"https:\/\/alternea.eu\/es\/#organization"},"potentialAction":[{"@type":"SearchAction","target":{"@type":"EntryPoint","urlTemplate":"https:\/\/alternea.eu\/es\/?s={search_term_string}"},"query-input":"required name=search_term_string"}],"inLanguage":"es"},{"@type":"Organization","@id":"https:\/\/alternea.eu\/es\/#organization","name":"Alternea","url":"https:\/\/alternea.eu\/es\/","logo":{"@type":"ImageObject","inLanguage":"es","@id":"https:\/\/alternea.eu\/es\/#\/schema\/logo\/image\/","url":"https:\/\/alternea.eu\/wp-content\/uploads\/2022\/09\/logo-menu-alternea.png","contentUrl":"https:\/\/alternea.eu\/wp-content\/uploads\/2022\/09\/logo-menu-alternea.png","width":283,"height":104,"caption":"Alternea"},"image":{"@id":"https:\/\/alternea.eu\/es\/#\/schema\/logo\/image\/"}}]}},"_links":{"self":[{"href":"https:\/\/alternea.eu\/es\/wp-json\/wp\/v2\/pages\/1482"}],"collection":[{"href":"https:\/\/alternea.eu\/es\/wp-json\/wp\/v2\/pages"}],"about":[{"href":"https:\/\/alternea.eu\/es\/wp-json\/wp\/v2\/types\/page"}],"author":[{"embeddable":true,"href":"https:\/\/alternea.eu\/es\/wp-json\/wp\/v2\/users\/2"}],"replies":[{"embeddable":true,"href":"https:\/\/alternea.eu\/es\/wp-json\/wp\/v2\/comments?post=1482"}],"version-history":[{"count":3,"href":"https:\/\/alternea.eu\/es\/wp-json\/wp\/v2\/pages\/1482\/revisions"}],"predecessor-version":[{"id":1513,"href":"https:\/\/alternea.eu\/es\/wp-json\/wp\/v2\/pages\/1482\/revisions\/1513"}],"wp:attachment":[{"href":"https:\/\/alternea.eu\/es\/wp-json\/wp\/v2\/media?parent=1482"}],"curies":[{"name":"wp","href":"https:\/\/api.w.org\/{rel}","templated":true}]}}

<h1>Alternea, una visión diferente para entender mejor el futuro.</h1> 
<p>Con más de 75 años de experiencia en la comercialización de frutas y hortalizas de temporada, Alternea recurre ahora al despliegue único de su enfoque responsable Alternea, que data de 2008. Todo un ADN que se remonta hoy como productor local e importador de frutas y hortalizas procedentes de una agricultura sana y ética que garantizamos para un Mañana mejor.</p>
<p><img decoding="async" src="https://alternea.eu/wp-content/uploads/2022/09/accueil-divider-alternea.png" alt="casa-divisoria-alternea"><br>			<rs-module-wrap id="rev_slider_error_1_wrapper">
				<rs-module id="rev_slider_error_1">
					<div class="rs_error_message_box">
						<div class="rs_error_message_oops">Oops...</div>
						<div class="rs_error_message_content">Slider with alias \ not found.</div>
					</div>
				</rs-module>
			</rs-module-wrap>
			<script>
				var rs_eslider = document.getElementById("rev_slider_error_1");
				rs_eslider.style.display = "none";
				console.log("Slider with alias \ not found.");
			</script>

<img decoding="async" src="https://alternea.eu/wp-content/uploads/2022/09/accueil-header-alternea.jpg" alt="home-header-alternea"><br>completo<br><br>			<rs-module-wrap id="rev_slider_error_2_wrapper">
				<rs-module id="rev_slider_error_2">
					<div class="rs_error_message_box">
						<div class="rs_error_message_oops">Oops...</div>
						<div class="rs_error_message_content">Slider with alias \ not found.</div>
					</div>
				</rs-module>
			</rs-module-wrap>
			<script>
				var rs_eslider = document.getElementById("rev_slider_error_2");
				rs_eslider.style.display = "none";
				console.log("Slider with alias \ not found.");
			</script>
<br></p><h2><a href="https://alternea.eu/es/?page_id=1489">ALTERNEA NUESTROS PRODUCTOS</a></h2><br>centro<br><br>LEER MÁS<br><a href="https://alternea.eu/es/?page_id=1489">Nuestros productos</a> <br><br><img decoding="async" src="https://alternea.eu/wp-content/uploads/2023/01/accueil-montage-fruits-legumes-alternea.png" alt="montaje casero-frutas-verduras"><br><br><br><h2>NUESTRA VISIÓN</h2> <br><br>Una empresa no es más que el reflejo de los valores de los hombres y mujeres que la componen. Siempre conscientes de nuestra huella en el planeta y de las relaciones que mantenemos con nuestros socios, es lógico que estos valores se inculquen en nuestros compromisos actuales y futuros con el desarrollo sostenible.<br><br>LEER MÁS<br><a href="https://alternea.eu/es/?page_id=1481">visión</a><br>izquierda<br>2<br>#ffffff<br>#79ac2c<br><br><img decoding="async" src="https://alternea.eu/wp-content/uploads/2022/09/accueil-vision-alternea.jpg" alt="home-vision-alternea"><br><img decoding="async" src="https://alternea.eu/wp-content/uploads/2023/01/accueil-services-alternea.jpg" alt="servicios a domicilio-alternea"><br>completo<br>ultrawide<br>home_images<br><br><h2>ALTERNEA NUESTROS SERVICIOS</h2> <br><br>Si la naturaleza nos da estas frutas y verduras de calidad, es porque la respetamos. Implantamos una cultura razonada y favorecemos todas las prácticas tecnológicas cada vez más respetuosas con el planeta, con un sincero deseo de mejorar constantemente todo lo que se pueda mejorar.<br><br>LEER MÁS<br><a href="https://alternea.eu/es/?page_id=1497">Servicios</a><br>izquierda<br>2<br>#ffffff<br>#79ac2c<br><br><h2>NUESTROS EQUIPOS</h2> <br><br>Somos un equipo muy unido, con un deseo cada vez mayor de satisfacer a todos y cada uno de ustedes, ya sean clientes, socios, proveedores o empleados, al tiempo que actuamos de forma cada vez más responsable. Una auténtica aventura común basada en nuestro compromiso de retarnos a diario para ir más allá en nuestro enfoque.<br><br>LEER MÁS<br><a href="https://alternea.eu/es/?page_id=1499">Equipos</a><br>izquierda<br>2<br>#ffffff<br>#79ac2c<br><br><img decoding="async" src="https://alternea.eu/wp-content/uploads/2023/01/accueil-equipes-alternea.jpg" alt="equipos locales"><img decoding="async" src="https://alternea.eu/wp-content/uploads/2023/01/accueil-banner-alternea.jpg" alt="home-banner-alternea"><br>completo<br>ultrawide<br><br><h2>NUESTRAS NOTICIAS</h2> <br><br>  VER TODAS LAS NOTICIAS<br><a href="https://alternea.eu/es/?page_id=1472">noticias</a><br>izquierda<br>3<br>centro<br>#ffffff<br>#79ac2c<br>hide-tablet hide-mobile<br><br><a href="https://agencetotem.fr">Agencia Totem</a>

<p>Alternea, una visión diferente para entender mejor el futuro. Con más de 75 años de experiencia en la comercialización de<span class="excerpt-hellip"> […]</span></p>

<!-- This site is optimized with the Yoast SEO plugin v22.8 - https://yoast.com/wordpress/plugins/seo/ -->
<title>Alternea comercialización de frutas y hortalizas - Perpiñán</title>
<meta name="description" content="Alternea productor local e importador de frutas y hortalizas, agricultura sana y ética. Desarrollo responsable y sostenible. #66" />
<meta name="robots" content="index, follow, max-snippet:-1, max-image-preview:large, max-video-preview:-1" />
<link rel="canonical" href="https://alternea.eu/es/" />
<meta property="og:locale" content="es_ES" />
<meta property="og:type" content="article" />
<meta property="og:title" content="Alternea comercialización de frutas y hortalizas - Perpiñán" />
<meta property="og:description" content="Alternea productor local e importador de frutas y hortalizas, agricultura sana y ética. Desarrollo responsable y sostenible. #66" />
<meta property="og:url" content="https://alternea.eu/es/" />
<meta property="og:site_name" content="Alternea" />
<meta property="article:modified_time" content="2024-01-11T20:05:36+00:00" />
<meta property="og:image" content="https://alternea.eu/wp-content/uploads/2022/09/accueil-divider-alternea.png" />
<meta name="twitter:card" content="summary_large_image" />
<meta name="twitter:label1" content="Tiempo de lectura" />
	<meta name="twitter:data1" content="3 minutos" />
<script type="application/ld+json" class="yoast-schema-graph">{"@context":"https://schema.org","@graph":[{"@type":"WebPage","@id":"https://alternea.eu/es/","url":"https://alternea.eu/es/","name":"Alternea comercialización de frutas y hortalizas - Perpiñán","isPartOf":{"@id":"https://alternea.eu/es/#website"},"primaryImageOfPage":{"@id":"https://alternea.eu/es/#primaryimage"},"image":{"@id":"https://alternea.eu/es/#primaryimage"},"thumbnailUrl":"https://alternea.eu/wp-content/uploads/2022/09/accueil-divider-alternea.png","datePublished":"2017-09-26T07:26:31+00:00","dateModified":"2024-01-11T20:05:36+00:00","description":"Alternea productor local e importador de frutas y hortalizas, agricultura sana y ética. Desarrollo responsable y sostenible. #66","breadcrumb":{"@id":"https://alternea.eu/es/#breadcrumb"},"inLanguage":"es","potentialAction":[{"@type":"ReadAction","target":["https://alternea.eu/es/"]}]},{"@type":"ImageObject","inLanguage":"es","@id":"https://alternea.eu/es/#primaryimage","url":"https://alternea.eu/wp-content/uploads/2022/09/accueil-divider-alternea.png","contentUrl":"https://alternea.eu/wp-content/uploads/2022/09/accueil-divider-alternea.png"},{"@type":"BreadcrumbList","@id":"https://alternea.eu/es/#breadcrumb","itemListElement":[{"@type":"ListItem","position":1,"name":"Accueil","item":"https://alternea.eu/es/"},{"@type":"ListItem","position":2,"name":"Inicio"}]},{"@type":"WebSite","@id":"https://alternea.eu/es/#website","url":"https://alternea.eu/es/","name":"Alternea","description":"Vente fruits et légumes basé à Perpignan","publisher":{"@id":"https://alternea.eu/es/#organization"},"potentialAction":[{"@type":"SearchAction","target":{"@type":"EntryPoint","urlTemplate":"https://alternea.eu/es/?s={search_term_string}"},"query-input":"required name=search_term_string"}],"inLanguage":"es"},{"@type":"Organization","@id":"https://alternea.eu/es/#organization","name":"Alternea","url":"https://alternea.eu/es/","logo":{"@type":"ImageObject","inLanguage":"es","@id":"https://alternea.eu/es/#/schema/logo/image/","url":"https://alternea.eu/wp-content/uploads/2022/09/logo-menu-alternea.png","contentUrl":"https://alternea.eu/wp-content/uploads/2022/09/logo-menu-alternea.png","width":283,"height":104,"caption":"Alternea"},"image":{"@id":"https://alternea.eu/es/#/schema/logo/image/"}}]}</script>
<!-- / Yoast SEO plugin. -->

Alternea comercialización de frutas y hortalizas - Perpiñán

Alternea productor local e importador de frutas y hortalizas, agricultura sana y ética. Desarrollo responsable y sostenible. #66

Vente fruits et légumes basé à Perpignan
